ite?
True
Is 493903 prime?
False
Is 10677827 a prime number?
False
Is 138044243 prime?
True
Is 72797441 a prime number?
True
Is 60344293 a composite number?
False
Is 24910819 prime?
True
Is 238393631 composite?
True
Is 35964751 a prime number?
True
Is 1287493 prime?
False
Is 249057503 composite?
True
Is 730139 a composite number?
False
Is 4584381 a prime number?
False
Is 750799111 prime?
False
Is 125638171 a prime number?
False
Is 3354887 a prime number?
False
Is 3344213 composite?
False
Is 99497773 a composite number?
True
Is 4449797 a prime number?
False
Is 72688337 a prime number?
True
Is 3109307 a prime number?
True
Is 4941109 composite?
True
Is 291743381 prime?
False
Is 45319 a prime number?
True
Is 5496571 prime?
True
Is 4970683 prime?
True
Is 355570063 a prime number?
True
Is 17635889 a prime number?
True
Is 38959931 a prime number?
False
Is 14611813 composite?
True
Is 32932051 a prime number?
True
Is 273629 a prime number?
True
Is 668683 a composite number?
True
Is 82364599 composite?
False
Is 41911703 a prime number?
False
Is 29907355 prime?
False
Is 415854694 a prime number?
False
Is 7622809 a composite number?
True
Is 241611547 composite?
True
Is 61817087 a composite number?
False
Is 39696247 composite?
True
Is 1200791 a prime number?
False
Is 80000857 a composite number?
True
Is 3882763 prime?
True
Is 20756839 a composite number?
False
Is 320261563 prime?
False
Is 1684805 prime?
False
Is 4048505 composite?
True
Is 2116327 a prime number?
True
Is 34917451 a composite number?
False
Is 629699729 prime?
False
Is 8133113 a prime number?
False
Is 3532033 a composite number?
False
Is 147605429 composite?
True
Is 24861467 composite?
True
Is 1224386 a composite number?
True
Is 50022023 composite?
True
Is 84377 a composite number?
False
Is 562104365 prime?
False
Is 9522269 a prime number?
True
Is 68888453 prime?
True
Is 12205891 a composite number?
False
Is 1004034077 composite?
False
Is 8282219 composite?
True
Is 52350367 prime?
True
Is 4576201 prime?
False
Is 2574167 composite?
False
Is 20925727 composite?
True
Is 96036529 composite?
True
Is 23694893 a prime number?
False
Is 45881191 a prime number?
False
Is 208661305 prime?
False
Is 128257 a prime number?
True
Is 444251819 a composite number?
True
Is 52722259 a composite number?
False
Is 34915669 a prime number?
False
Is 1964033 composite?
False
Is 5488421 a prime number?
False
Is 21743737 prime?
True
Is 218403343 a prime number?
False
Is 1702399 a prime number?
False
Is 3542431 a prime number?
False
Is 10778977 composite?
True
Is 8546717 a prime number?
True
Is 2522783 prime?
False
Is 4502287 composite?
False
Is 139932197 composite?
True
Is 157612603 composite?
False
Is 8424595 a composite number?
True
Is 16429859 composite?
False
Is 166408889 composite?
False
Is 17536443 prime?
False
Is 7848839 prime?
True
Is 35898689 a prime number?
True
Is 11753351 a composite number?
False
Is 241858517 a composite number?
True
Is 8662643 prime?
False
Is 367114769 a prime number?
False
Is 21567167 composite?
True
Is 17882309 a composite number?
False
Is 6700973 prime?
True
Is 61048193 a composite number?
False
Is 106826627 composite?
False
Is 19572571 prime?
False
Is 426657853 a prime number?
True
Is 6605161 composite?
True
Is 7159547 prime?
False
Is 164771863 a prime number?
False
Is 560383 a prime number?
False
Is 103808909 prime?
True
Is 3445277 a prime number?
False
Is 20017519 a composite number?
True
Is 15282601 a prime number?
False
Is 100459823 composite?
True
Is 154667 composite?
False
Is 15216323 a composite number?
False
Is 164758205 composite?
True
Is 34800247 a composite number?
True
Is 6197147 a composite number?
True
Is 1420753 prime?
True
Is 33705257 a composite number?
True
Is 259171 composite?
True
Is 23832253 a composite number?
False
Is 40793453 prime?
False
Is 120349 composite?
False
Is 786683 a composite number?
True
Is 10301959 composite?
False
Is 29145583 prime?
False
Is 3417199 a prime number?
True
Is 550427 a prime number?
True
Is 2667097 a composite number?
False
Is 3190067 a prime number?
False
Is 681305267 a prime number?
True
Is 3853229 prime?
False
Is 1756903 prime?
True
Is 26619499 a composite number?
False
Is 5753689 prime?
False
Is 294929 composite?
True
Is 1016383 composite?
True
Is 936938371 a prime number?
True
Is 1336393 composite?
False
Is 106591917 composite?
True
Is 5672111 composite?
False
Is 17406377 a prime number?
False
Is 165101011 a composite number?
False
Is 1142407934 a prime number?
False
Is 176948449 prime?
False
Is 2253017 a composite number?
True
Is 478210589 a prime number?
True
Is 5825431 composite?
False
Is 3539737 composite?
True
Is 3028901 a prime number?
False
Is 12603469 composite?
True
Is 492156793 a composite number?
True
Is 99990301 a composite number?
True
Is 13424035 a prime number?
False
Is 426841 a prime number?
True
Is 666361 a composite number?
True
Is 37321 a prime number?
True
Is 16021723 a composite number?
True
Is 2355751 prime?
False
Is 194981873 a prime number?
False
Is 128489087 prime?
False
Is 3095981 a prime number?
False
Is 42137311 prime?
False
Is 7071893 composite?
False
Is 1637447 a composite number?
True
Is 106289 a prime number?
False
Is 9421309 composite?
False
Is 12746029 prime?
False
Is 9519499 prime?
False
Is 8008431 composite?
True
Is 1771549 composite?
True
Is 393485177 prime?
True
Is 59479543 composite?
True
Is 32286091 a prime number?
False
Is 7253261 prime?
True
Is 384673 prime?
True
Is 57340097 a composite number?
True
Is 3369001 a prime number?
True
Is 163793 a prime number?
False
Is 7693909 a composite number?
False
Is 4901063 a composite number?
False
Is 1776293 a prime number?
False
Is 1931849 a composite number?
True
Is 1278463 a composite number?
False
Is 67158305 composite?
True
Is 1744991 a prime number?
True
Is 268013 composite?
False
Is 515422711 composite?
True
Is 26943937 prime?
True
Is 10815251 a prime number?
True
Is 29940173 a composite number?
False
Is 20084479 composite?
False
Is 33711991 composite?
True
Is 4677887 a prime number?
False
Is 10378031 composite?
False
Is 205868231 composite?
False
Is 110728199 a prime number?
True
Is 57978757 prime?
False
Is 160967 prime?
True
Is 47561149 composite?
False
Is 18920995 composite?
True
Is 7677991 prime?
True
Is 118853457 composite?
True
Is 282147 a prime number?
False
Is 112507 prime?
True
Is 10946617 a prime number?
False
Is 784931291 composite?
False
Is 73353374 prime?
False
Is 43023811 a prime number?
True
Is 3290461 prime?
False
Is 393121 a composite number?
False
Is 252481 prime?
True
Is 4801829 a composite number?
False
Is 65531 a composite number?
True
Is 44288605 composite?
True
Is 10715099 prime?
True
Is 4349069 a composite number?
True
Is 2786263 a prime number?
False
Is 43791413 a prime number?
True
Is 4604681 prime?
True
Is 451073951 a prime number?
True
Is 481434263 a composite number?
False
Is 22086733 prime?
True
Is 250621957 composite?
False
Is 1967819 prime?
False
Is 8593247 composite?
True
Is 538882871 a composite number?
True
Is 38698841 prime?
False
Is 3818247 prime?
False
Is 8595127 a composite number?
False
Is 185045981 a prime number?
True
Is 58205897 composite?
False
Is 1162129 a composite number?
False
Is 48023081 a prime number?
True
Is 3472309 composite?
True
Is 9422911 prime?
True
Is 964469 composite?
True
Is 9730087 composite?
False
Is 2284109 a prime number?
True
Is 972373 a prime number?
True
Is 94071 prime?
False
Is 15936757 a composite number?
False
Is 1394951 prime?
False
Is 971167 composite?
True
Is 1228711529 composite?
False
Is 773095 prime?
False
Is 180224081 a composite number?
False
Is 323157347 composite?
True
Is 8293717 a composite number?
False
Is 11335 a composite number?
True
Is 1116667 a prime number?
False
Is 1677443 composite?
False
Is 16464401 a prime number?
True
Is 69932171 a prime number?
True
Is 3381641 composite?
False
Is 43530623 a prime number?
True
Is 13148623 prime?
False
Is 12447023 composite?
False
Is 20907959 a composite number?
True
Is 4410979 a composite number?
True
Is 29012471 a composite number?
False
Is 922233157 composite?
False
Is 812921 prime?
True
Is 61582973 composite?
False
Is 82528163 composite?
True
Is 16416593 composite?
False
Is 298039417 a composite number?
True
Is 1